ppose 0 = -5*n - 0*n + 1080. What is the highest common factor of n and c?
24
Let r be (-3 - -1)*5/(-2). Let c = r + -1. Suppose -c*k + 210 = k. Calculate the greatest common factor of 6 and k.
6
Let q(n) = n**2 + 10*n - 2. Let d be q(-10). Let l(b) = 3*b**2. Let g be l(d). Suppose 6*h - 396 = 3*h. Calculate the highest common divisor of h and g.
12
Let l(t) = t + 2. Let k be l(2). Suppose -k*u + 0*u = -1728. Suppose 6*y - u = 2*y. Calculate the highest common divisor of 12 and y.
12
Suppose 5*m - 136 = -5*p + 719, 0 = 4*p + m - 699. Calculate the highest common factor of p and 11.
11
Let l = -64 + 185. Let c = -72 + l. Let f = -7 + c. Calculate the greatest common divisor of 14 and f.
14
Suppose 102 = -5*t - 173. Let r = -43 - t. What is the greatest common divisor of r and 3?
3
Suppose 4*y = 2*x - 4, 0*x + y - 8 = -x. Suppose 0 = -9*b + x*b + 39. Calculate the highest common divisor of 117 and b.
13
Let a(j) = -5*j**3 + 3*j**3 + 3*j**3 - j**2 + j**3. Let c be a(-2). Let h be (-1)/(-5) + (-236)/c. What is the highest common factor of h and 12?
12
Suppose 5*v + 3 = -3*u + 2*v, -5*u - v + 7 = 0. What is the greatest common divisor of 26 and u?
2
Suppose 5*z - 496 + 16 = 0. What is the greatest common divisor of z and 12?
12
Suppose -32*t = -6*t - 1612. Calculate the highest common divisor of 62 and t.
62
Let i(h) = -22*h - 10. Let o(m) = 23*m + 12. Let d(w) = -6*i(w) - 7*o(w). Let x be d(-8). Calculate the greatest common factor of 16 and x.
16
Let x = -16 + 41. Let m = 15 + -5. Calculate the highest common divisor of m and x.
5
Suppose -3*l - 104 = -5*l. Let w be 6*(-27)/(-12) + 14/(-28). Calculate the highest common divisor of w and l.
13
Let a be ((-68)/(-8))/((-3)/(-30)). Let r(z) = z + 3. Let o be r(0). Suppose o*p - 67 = 35. Calculate the greatest common divisor of a and p.
17
Let c(d) = -6*d + 346. Let j be c(53). Calculate the highest common factor of 63 and j.
7
Let u be 270/72 - (-2)/8. Suppose -u*g - 12 = -7*g. Let m be (-89 - 1)*(-2)/5. What is the greatest common divisor of g and m?
4
Let m(z) be the second derivative of -z**5/20 + z**4/3 + 5*z**3/3 - 5*z**2/2 + 19*z. Let w be m(5). Calculate the greatest common factor of w and 20.
20
Let b be 9 - (-2 + 5)/(-1). Calculate the greatest common factor of b and 492.
12
Suppose 0 = -i - 2*i + 66. Let x(y) = -2*y**2 - 62*y + 119. Let f be x(-32). What is the greatest common factor of i and f?
11
Let f = -244 + 463. What is the greatest common factor of f and 146?
73
Let d be -3*(4 - 10/2). Let f be (-2)/(-2)*30/d. Calculate the greatest common factor of 50 and f.
10
Suppose 2*n = 6 + 10. Let u(q) = -2 + 5*q**2 + n*q**2 + 4 + q - 4*q**2. Let b be u(-1). What is the highest common factor of 90 and b?
10
Let k = 128 - -152. Let v = 923 - 867. What is the highest common divisor of v and k?
56
Suppose 0 = -4*x - 5*g - 19, -4*g + 23 - 3 = 0. Let i = x + 14. Suppose -4*j + 32 = -2*o, -j = j + i*o. What is the greatest common factor of j and 15?
3
Suppose 14*q - 32 = 10*q. Let j be (2 + 2)*230/q. What is the highest common factor of 46 and j?
23
Let x(t) = -43*t - 4. Suppose o + 0*o = -5. Let j be x(o). Let p = j + -141. What is the highest common divisor of 28 and p?
14
Suppose 5*s - 3*i - 50 = -0*s, s - 4*i = 10. Calculate the greatest common factor of s and 430.
10
Let d = 299 - 278. Calculate the greatest common divisor of 105 and d.
21
Let f = 54 + -45. Let m be (-72)/27*f/(-2). Calculate the highest common divisor of 6 and m.
6
Suppose 5*w - 180 = -0*w. Let t = 3746 + -3734. What is the greatest common divisor of w and t?
12
Let h be (4/(-6))/(-1) - (-276413)/789. What is the greatest common divisor of h and 99?
9
Let u be (-112 - (-4 - -4))*-1. What is the highest common divisor of u and 616?
56
Suppose i = 4*i. Let f be (i - 0) + (11 - -3). What is the highest common divisor of 7 and f?
7
Let f(a) = 4*a - 2. Let v(m) = 6*m - 18. Let r be v(-15). Let j be (-450)/r - (-2)/(-12). Let c be f(j). What is the greatest common factor of 112 and c?
14
Let u = -488 - -1304. What is the greatest common factor of 48 and u?
48
Let n be (-14)/(-2)*8/(8 - 0). Suppose 336 = -n*u + 11*u. What is the highest common divisor of u and 210?
42
Let r = 525 + -514. What is the greatest common divisor of 517 and r?
11
Suppose 3*y - 280 = 352*o - 357*o, -2*y + 4*o + 172 = 0. Let t(a) = 2*a - 2. Let j be t(6). Calculate the greatest common divisor of y and j.
10
Suppose 1195 - 1177 = 6*r. Calculate the highest common factor of r and 255.
3
Let z be ((-15)/(-10))/((-24)/(-1504)). Calculate the greatest common factor of 470 and z.
94
Let o = 8 + -4. Let u = o + 3. Let k = 45 + -24. Calculate the greatest common divisor of k and u.
7
Suppose q = -4*g + 17, g + 5*q = 9*q. Suppose 0 = c - 4 - 0. Calculate the highest common divisor of c and g.
4
Suppose 6*k - 273 = -39. Let d(j) = 15*j - 1. Let i be d(-1). Let z = 10 - i. What is the greatest common divisor of z and k?
13
Let y = 11 - 10. Let f be y + 2/8*4. Suppose 3*b + 2*b = 3*z + 95, 5*b + 4*z - 130 = 0. Calculate the greatest common factor of b and f.
2
Let q be (-38)/(-2 + -17) + (-10)/(-2). Calculate the greatest common divisor of 91 and q.
7
Suppose 32*d - 144 = 496. Let r(g) = 50*g**2. Let z = 2 + -1. Let i be r(z). Calculate the highest common factor of i and d.
10
Let a = 159 + -139. Let p be 5*(7 - (-9)/(-3)). Calculate the greatest common divisor of p and a.
20
Let q(k) = -3*k**2 + 7*k**2 - 2*k - 3*k + k**3. Suppose -n = -3, 5*v - 2*n + n + 23 = 0. Let s be q(v). Calculate the greatest common factor of s and 60.
20
Suppose 0 = 4*i + 3*i - 3479. Calculate the highest common factor of 71 and i.
71
Let i = -27 + 57. Suppose 0 = -3*z + 2*w + 178, 238 = 3*z + 3*w + 55. Suppose 0*c = 3*c - z. What is the highest common divisor of i and c?
10
Suppose 5*a + 2191 - 7091 = 0. Calculate the highest common factor of a and 70.
70
Let z = -8 - 2. Let a be (-1754)/z - (-4)/50*-5. What is the greatest common divisor of a and 35?
35
Let y(h) = -11*h + 49. Let r be y(2). What is the highest common factor of 675 and r?
27
Let b = -6 + 11. Suppose -61 = -5*f - x, -f - 3*f + 43 = -b*x. Let l(i) = 60*i + 303. Let z be l(-5). What is the greatest common factor of z and f?
3
Let t = 531 + -198. Suppose 5*w - 59 = -2*h + 40, -4*h - 4*w + 168 = 0. Calculate the highest common factor of h and t.
37
Let b be 4104/81*102/8 - -2. What is the greatest common factor of b and 144?
72
Let c(n) = n**3 + 2*n**2 - n + 3. Let h be c(-4). Let s = h - -15. Let g be (11/(-2))/(1/s). Calculate the highest common divisor of 5 and g.
5
Let u = -359 + 395. What is the greatest common factor of u and 20?
4
Let t = -2230 + 2410. What is the highest common factor of 60 and t?
60
Let q be -39*((-1)/(-3))/(-1). Let z = 101 - -171. Let o = z - 181. What is the highest common factor of o and q?
13
Suppose 8*g + 23 = 87. Suppose -8 = -0*n - 2*n. Suppose n*a - 23 = 9. What is the greatest common divisor of g and a?
8
Suppose -2*a + 0*z - z = -98, -2*z - 236 = -5*a. What is the highest common factor of a and 528?
48
Suppose 115*s - 118*s = -1443. Calculate the highest common divisor of s and 13.
13
Let k be (-1 - -1) + 55/11*8. Let v = -3 - -7. Suppose 21 = v*p - 11. What is the greatest common factor of p and k?
8
Suppose 0 = 11*x - 324 - 72. What is the highest common factor of 48 and x?
12
Suppose -245 = -x - 3*w + w, -w = 5. Calculate the highest common factor of 15 and x.
15
Let s(j) = -j**2 - j + 61. Let f be s(0). Let q = f - -91. Suppose 95 = 3*l + 2*l. Calculate the greatest common factor of l and q.
19
Suppose 0 = 22*v - 17*v + 10. Let u be v/3 + (-22)/(-6). Suppose u*g + 56 = 7*g. Calculate the greatest common factor of 70 and g.
14
Let l = -4 + 28. Let j = 28 - 24. Suppose 0 = -j*o + 4*q + 25 + 11, -5*q + 75 = 5*o. Calculate the highest common divisor of l and o.
12
Let v = 1557 + -657. What is the highest common divisor of 36 and v?
36
Suppose 0 = 2*h - 26 - 68. Suppose 0 = -49*q + h*q + 46. Calculate the highest common divisor of q and 23.
23
Suppose 3*b = 2*c + 82, 3*c - 34 = -b + 8. Suppose -g + b = 4*o, -3*g - o + 67 = -g. Calculate the highest common factor of g and 17.
17
Let o be (-2 - 0)/(-3 - 10/(-4)). Suppose 30 = o*u - u. What is the highest common divisor of 30 and u?
10
Let y(d) 